{"id":3144,"date":"2025-11-21T09:52:15","date_gmt":"2025-11-21T09:52:15","guid":{"rendered":"https:\/\/katiafachgomez.com\/?page_id=3144"},"modified":"2025-12-23T09:39:40","modified_gmt":"2025-12-23T09:39:40","slug":"academic-speeches","status":"publish","type":"page","link":"https:\/\/katiafachgomez.com\/?page_id=3144","title":{"rendered":"Academic Speeches"},"content":{"rendered":"\n<div class=\"gb-element-33a99403\" style=\"--inline-bg-image: url(https:\/\/katiafachgomez.com\/wp-content\/uploads\/2025\/11\/pexels-rlpdavid-1658572-scaled.jpg)\"><\/div>\n\n\n\n<div class=\"gbp-section gb-element-ba360edc\">\n<div class=\"gbp-section__inner gb-element-23096974\">\n<div class=\"gb-element-a1cc54b9\">\n<p><\/p>\n\n\n\n<h1 class=\"gb-text gbp-section__headline\">Academic Speeches (selection)<\/h1>\n<\/div>\n<\/div>\n\n\n\n<h2 class=\"gb-text gb-text-839a8e91\"><\/h2>\n<\/div>\n\n\n\n<div class=\"gb-element-6ea44666\">\n<p class=\"gb-text gb-text-b1d97f38\">\u201cAsunto C744\/22 STJUE 29.06.2024\u201d, Private International Law.&nbsp; X Encuentro anual sobre jurisprudencia europea (10th Annual Meeting on European Jurisprudence),  <strong>European Law Institute,<\/strong> Spanish Hub. University of Zaragoza, hybrid, 12-13 June 2025.<\/p>\n<\/div>\n\n\n\n<div class=\"gb-element-a4194f44\">\n<p class=\"gb-text gb-text-e210186d\">\u201cWhat skills do we need as dispute resolution actors in an increasingly digitalized world?\u201d  <strong>European Law Institute,<\/strong> (ELI) Special Interest Group (SIG) on Dispute Resolution, Ghent University, webinar, 17 March 2025.<\/p>\n<\/div>\n\n\n\n<div class=\"gb-element-53c6f2aa\">\n<p class=\"gb-text gb-text-7d31056f\">\u201cBeneficios y desaf\u00edos del uso de decisiones judiciales espa\u00f1olas y del TJUE en el aprendizaje pr\u00e1ctico del Derecho Internacional Privado\u201d (Benefits and Challenges of Using Spanish Court Decisions and CJEU Rulings in the Practical Learning of Private International Law), II Congreso Internacional de Innovaci\u00f3n Docente en Derecho (2nd International Congress on Teaching Innovation in Law), webinar, <strong>Universidad de Zaragoza<\/strong>, 12 February 2025.<\/p>\n<\/div>\n\n\n\n<div class=\"gb-element-998487e6\">\n<p class=\"gb-text gb-text-c5ef8a70\">Key Speaker: \u201cLos desaf\u00edos del Derecho Comparado en Latinoam\u00e9rica: metodolog\u00edas e interdisciplinariedad\u201d (The challenges of Comparative Law in Latin America: methodologies and interdisciplinarity), <strong>Swiss Institute of Comparative Law<\/strong> and Faculty of Law, <strong>Universidad de los Andes<\/strong>, Colombia, 18 -19 November 2024.<\/p>\n<\/div>\n\n\n\n<div class=\"gb-element-7022648a\">\n<p class=\"gb-text gb-text-a2b7f241\">&#8220;Forum 3- Dispute Resolution in Times of Technological Change&#8221;, Annual Conference of the <strong>European Society of International Law (ESIL)<\/strong>, Vilnius, Lithuania, 6 September 2024.<\/p>\n<\/div>\n\n\n\n<div class=\"gb-element-a060549d\">\n<p class=\"gb-text gb-text-375a6337\">Key Speaker: \u201cLegal actors and technology: regulation and future trends\u201d, side-event of the International Economic Law Interest Group, Annual Conference of the <strong>European Society of International Law<\/strong>, Vilnius, Lithuania, 4 September 2024.<\/p>\n<\/div>\n\n\n\n<div class=\"gb-element-4310367e\">\n<p class=\"gb-text gb-text-0e4ae4a0\">\u201cThe independence of arbitrators: the use of social media\u201d, International Judicial Independence, <strong>Universidad Pompeu Fabra<\/strong>, Barcelona 5-6 October 2023.<\/p>\n<\/div>\n\n\n\n<div class=\"gb-element-64bbce4e\">\n<p class=\"gb-text gb-text-da74c39c\">\u201cVentajas competitivas de los mecanismos alternativos de soluci\u00f3n de conflictos\u201d (Competitive Advantages of Alternative Dispute Resolution Mechanisms), Conference <em>Conflict Resolution in Micro, Small and Medium-Sized Enterprises in Aragon,<\/em> <strong>Zaragoza Chamber of Commerce, Aragonese Institute of Development (IAF)<\/strong> and <strong>CEPYME<\/strong> Zaragoza, 27 April 2023.<\/p>\n<\/div>\n\n\n\n<div class=\"gb-element-100ece96\">\n<p class=\"gb-text gb-text-149d9919\">\u201cUse or Misuse of Social Media by Arbitrators\u201d, Assesing the Past, Envisioning the Future: International Investment Arbitration Law and Policy. <strong>Bocconi University,<\/strong> Milan, 20-21 April 2023.<\/p>\n<\/div>\n\n\n\n<div class=\"gb-element-3078748e\">\n<p class=\"gb-text gb-text-7d8ab522\">Panel Chair \u201cMesa 3: <strong>Litigios en internet y su soluci\u00f3n actual y futura\u201d <\/strong>(Panel 3: Internet Litigation and Its Current and Future Resolution), International Conference <em>Internet and Aragon: Evolution and Transformation,<\/em> <strong>Internet Society, Ibercaja Foundation <\/strong>and <strong>Henneo Group<\/strong>, Zaragoza, 21 March 2023.<\/p>\n<\/div>\n\n\n\n<div class=\"gb-element-1c113e1e\">\n<p class=\"gb-text gb-text-5c40b76b\">\u201cArticles 5 and 6 of the Code of Conduct for Adjudicators\u201d, Preparatory Sessions for the 44th Session of UNCITRAL Working Group III, organized by Deutsche Gesellschaft f\u00fcr Zusammenarbeit (GIZ) GmbH on behalf of the <strong>German Federal Ministry for Economic Cooperation and Development <\/strong>(BMZ) and Columbia Center on Sustainable Investment, webinar, 22 November 2022.<\/p>\n<\/div>\n\n\n\n<div class=\"gb-element-9a4f315d\">\n<p class=\"gb-text gb-text-149ae41a\">Panel Chair \u201cPanel 1:&nbsp; Draft Code of Conduct and Reform of ISDS\u201d, Ethics and Investor-State Dispute Settlement, Internaciontal Conference, <strong>National Centre for Scientific Research (CNRS)-CERSA, University Paris-Panth\u00e9on-Assas y University of Richmond (USA),<\/strong> webinar, 23 September 2022.<\/p>\n<\/div>\n\n\n\n<div class=\"gb-element-8cd65ca3\">\n<p class=\"gb-text gb-text-be8a7e89\">\u201cRecusaciones de \u00e1rbitros: algunas reflexiones en torno a los tribunales de inversiones internacionales\u201d (Challenges to Arbitrators: Some Reflections on International Investment Tribunals), <em>El papel de los Tribunales y Cortes Internacionales en el Derecho Econ\u00f3mico Internacional<\/em>, <strong>Universidad Externado<\/strong>, Colombia, webinar, 3 de febrero de 2022.<\/p>\n<\/div>\n\n\n\n<div class=\"gb-element-c1b99425\">\n<p class=\"gb-text gb-text-6f7a0d75\">\u201cLa aplicaci\u00f3n del art\u00edculo 25 del Reglamento Bruselas I bis a la cesi\u00f3n internacional de cr\u00e9ditos\u201d (The Application of Article 25 of Brussels I bis Regulation to the International Assignment of Claims), <em>International Congress Assignment of Claims: The New EU Regulation on Effectiveness Against Third Parties of Assignments of Claims, <\/em><strong>M\u00e1laga Bar Association, Autonomous University of Madrid (UAM), University of M\u00e1laga<\/strong>, and Research Center on Registral Law of the Autonomous University of Madrid, 23\u201324 September 2021.<\/p>\n<\/div>\n\n\n\n<div class=\"gb-element-207df2b5\">\n<p class=\"gb-text gb-text-6a57e78b\">&nbsp;\u201cIn the search for a Code of Conduct for Adjudicators in Investor-State Dispute Settlement\u201d, FTAAP Capacity Building Workshop on new trends in Investment Elements negotiations in FTAs\/RTAs, <strong>Asian Pacific Economic Cooperation (APEC)<\/strong>, webinar, 4 August 2021.<\/p>\n<\/div>\n\n\n\n<div class=\"gb-element-a4e58987\">\n<p class=\"gb-text gb-text-555f1558\">&#8220;La pr\u00e1ctica de la Mediaci\u00f3n Comercial y la Convenci\u00f3n de Singapur sobre la Mediaci\u00f3n\u201d (The Practice of Commercial Mediation and the Singapore Convention on Mediation), Mediation and Arbitration Commission of the National Bar Association with the support of the <strong>United Nations Commission on International Trade Law<\/strong> (UNCITRAL), webinar, 9 December 2020.<\/p>\n<\/div>\n\n\n\n<div class=\"gb-element-a62d7eee\">\n<p class=\"gb-text gb-text-60bc636c\">\u201cLey Modelo sobre Arbitraje Comercial Internacional en Europa\u201d (Model Law on International Commercial Arbitration in Europe), <strong>University of Salvador <\/strong>(USAL) with the support of the <strong>United Nations Commission on International Trade Law (UNCITRAL)<\/strong>, webinar, 13 November 2020.<\/p>\n<\/div>\n\n\n\n<div class=\"gb-element-d9bcc1de\">\n<p class=\"gb-text gb-text-ee2f2312\">\u201cThe Role of Mediation in the Resolution of International Investment Disputes\u201d, 5th Annual <strong>CARTAL<\/strong> Conference on International Arbitration 2020 \u2018Riding New Tides: Arbitration in a Changing World\u2019, webinar, 11 October 2020.<\/p>\n<\/div>\n\n\n\n<div class=\"gb-element-bc224803\">\n<p class=\"gb-text gb-text-322e28a0\">\u201cLa Uni\u00f3n Europea como agente clave en materia de inversiones internacionales\u201d(The European Union as a Key Actor in International Investments), 6th European Union Seminar: Trade, Investments and Sustainable Development, <strong>University of Santander <\/strong>and <strong>Santander Financial Institute <\/strong>(SANFI), 20 December 2019.<\/p>\n<\/div>\n\n\n\n<div class=\"gb-element-d6dc01f2\">\n<p class=\"gb-text gb-text-59ac5d8e\">\u201cDifficulties in drafting or finding materials to teach bilingual lawyering\u201d, \u201cVirtual Symposium &#8211; Problems and Pitfalls of Bilingual Lawyering\u201d organized by the <strong>Oil, Gas, Energy, Mining, Infrastructure and Investment Disputes Forum (OGEMID<\/strong>), 7 September 2018.<\/p>\n<\/div>\n\n\n\n<div class=\"gb-element-8287d7e0\">\n<p class=\"gb-text gb-text-edc61b6c\">Panel Chair \u201cParallel session 4: International Investment Law and The Law of the Armed Conflicts\u201d, Internacional conference International Investment Law and The Law of the Armed Conflicts, <strong>University of Athens<\/strong>, Athens (Greece), panel chair, 5-6 October 2017.<\/p>\n<\/div>\n\n\n\n<div class=\"gb-element-3d6faf47\">\n<p class=\"gb-text gb-text-48f9f565\">\u201cThe Changing Paradigm of Investment Protections in Latin America: Implications for Investments and Investor-State Arbitration\u201d. International Arbitration Weekend, <strong>Fordham University,<\/strong> New York, USA, 21 October 2017<em>.<\/em><\/p>\n<\/div>\n\n\n\n<div class=\"gb-element-edabbcdd\">\n<p class=\"gb-text gb-text-735f8b86\">\u201cComparative Law\u201d, <strong>National Library of the Congress<\/strong><em>,<\/em> Washington (USA), 21 September 2017.<\/p>\n<\/div>\n\n\n\n<div class=\"gb-element-9bf834ed\">\n<p class=\"gb-text gb-text-95cb4d14\">Panel Chair \u201cThe European Union Proposal of an Investment Court System\u201d, International Conference The duties, rigths and powers of International Arbitrators, <strong>Washington University<\/strong>, Washington (USA), 19 September 2017.<\/p>\n<\/div>\n\n\n\n<div class=\"gb-element-f2483525\">\n<p class=\"gb-text gb-text-b82a3656\">&#8220;Un sistema de Corte Permanente como alternativa al arbitraje de inversi\u00f3n: ventajas e inconvenientes&#8221; (A Permanent Court System as an Alternative to Investment Arbitration: Advantages and Disadvantages), International Conference on International Arbitration. Current Perspectives, <strong>International Association of Lawyers (UIA)<\/strong>, Bilbao, 23\u201324 June 2017.<\/p>\n<\/div>\n\n\n\n<div class=\"gb-element-8b68f974\">\n<p class=\"gb-text gb-text-1c23937c\">\u201cRestitution of looted art through Alternative Dispute Resolution (ADR) mechanisms: achieving fair and just solutions thanks to the panel \u0301s expertise?\u201d. International Conference Unesco World Heritage Between&nbsp;Education and Economy. A Legal Analysis, <strong>University of Ravenna<\/strong>, Italia, 27-28 October 2016.<\/p>\n<\/div>\n\n\n\n<div class=\"gb-element-65bfbea9\">\n<p class=\"gb-text gb-text-67fd3359\">\u201cPr\u00e1cticas corruptas en inversiones internacionales en Latinoam\u00e9rica: el papel del arbitraje internacional en el avance de la institucionalidad\u201d (Corrupt Practices in International Investments in Latin America: The Role of International Arbitration in Advancing Institutional Development.), Seminario internacional Del paradigma de la fragmentaci\u00f3n al paradigma del di\u00e1logo: el Ius Constitutionale Commune en Derechos Humanos en Am\u00e9rica Latina y el Derecho Econ\u00f3mico Internacional (International Seminar <em>From the Paradigm of Fragmentation to the Paradigm of Dialogue: the Ius Constitutionale Commune in Human Rights in Latin America and International Economic Law<\/em>), <strong>Max Planck Institut, Heidelberg<\/strong> (Germany), 4-5 December 2015.<\/p>\n<\/div>\n\n\n\n<div class=\"gb-element-1384160c\">\n<p class=\"gb-text gb-text-c9d0fa0a\">\u201cShould future IIAs demand a specific \u201cgreen expertise\u201d from arbitrators?\u201d. International Symposium. The Present and Future Role of Investment Treaty Arbitration in Adjudicating Environmental Disputes, <strong>University of Oslo<\/strong>, Norway, 5-6 November 2015.<\/p>\n<\/div>\n\n\n\n<div class=\"gb-element-e947a124\">\n<p class=\"gb-text gb-text-3ec0029d\">Expert roundtable \u201cInternational Investment Law and Sustainable Development\u201d, <strong>Universit\u00e9 Pantheon Assas, Par\u00eds<\/strong>, France 10 July 2015.<\/p>\n<\/div>\n\n\n\n<div class=\"gb-element-1b979807\">\n<p class=\"gb-text gb-text-339f1a9f\">\u201cBilingual Education: The Hows and the Whys\u201d, <em>Global Legal Skills 10 Conference<\/em>, The John Marshall Law School, <strong>Northwestern University School of Law UK<\/strong>, with L. Carballo Pi\u00f1eiro, hybrid, 20-22 May 2015.<\/p>\n<\/div>\n\n\n\n<div class=\"gb-element-39769ab4\">\n<p class=\"gb-text gb-text-6c36ec1c\">\u201cInternational Arbitration: a Key Mechanism in the Global Governance Scene\u201d, organized by Barcelona Workshop on Global Governance, <strong>Institut Barcelona d\u2019Estudis Internacionals <\/strong>and <strong>ESADEgeo Center for Global Economy and Geopolitics<\/strong>, Barcelona, 15-16 January 2015.<\/p>\n<\/div>\n\n\n\n<div class=\"gb-element-e57c7950\">\n<p class=\"gb-text gb-text-f38c1034\">\u201cThe increasing influence of new instruments of regulation in international arbitration and the resource to arbitration in transnational private regulation\u201d. IUAES2013 World Congress: Evolving humanity, emerging worlds, <strong>Manchester, UK<\/strong>, 7 August 2013.<\/p>\n<\/div>\n\n\n\n<div class=\"gb-element-0e4e6c3c\">\n<p class=\"gb-text gb-text-15dd092f\">\u201cHybrid Learning: A posible solution between online education and face \u2013to- face learning\u201d, X Foro Internacional sobre Evaluaci\u00f3n de la Calidad de la Investigaci\u00f3n y de la Educaci\u00f3n Superior (FECIES), with A. Rengel, <strong>University of Granada,<\/strong> June 2013.<\/p>\n<\/div>\n\n\n\n<div class=\"gb-element-a216f993\">\n<p class=\"gb-text gb-text-6e7e12df\">\u201cIntroducci\u00f3n de asignaturas en ingl\u00e9s en el Grado en Derecho de la Universidad de Zaragoza\u201d (Introduction of Courses in English in the Law Degree at the University of Zaragoza\u201d), VI Jornadas de Innovaci\u00f3n e Investigaci\u00f3n Educativa de la <strong>Universidad de Zaragoza,<\/strong> Zaragoza, with S. Alc\u00e1zar Ortiz, September 2012.<\/p>\n<\/div>\n\n\n\n<div class=\"gb-element-909ef292\">\n<p class=\"gb-text gb-text-44ef6a93\">\u201cAre there regional approaches to international dispute resolution?\u201d. <strong>American Society of International Law (ASIL),<\/strong> Washington, USA, 2011.<\/p>\n<\/div>\n\n\n\n<div class=\"gb-element-56516d97\">\n<p class=\"gb-text gb-text-56a7822e\">\u201cAspectos internacionales de la contrataci\u00f3n laboral en el \u00e1mbito de la Uni\u00f3n Europea\u201d (International Aspects of Employment Contracts within the European Union), I First International Law Conference, <strong>University of Antioquia,<\/strong> Medell\u00edn, Colombia, 25 July 2006.<\/p>\n<\/div>\n\n\n\n<div class=\"gb-element-98e3dbf3\">\n<p class=\"gb-text gb-text-267efce9\">\u201cLa reducci\u00f3n de riesgos para los trabajadores migrantes en la Uni\u00f3n Europea: an\u00e1lisis de las herramientas jur\u00eddicas de derecho internacional privado\u201d (Reducing Risks for Migrant Workers in the European Union: Analysis of Private International Law Legal Instruments), Fifth American Regional Congress on Labor Relations, <strong>Chilean Association of Labor Relations (ACHIREL), Santiago de Chile,<\/strong> 26-28 July 2005.<\/p>\n<\/div>\n\n\n\n<div class=\"gb-element-f7c1d9d0\">\n<p class=\"gb-text gb-text-8217b3c5\">\u201cLa creciente dimensi\u00f3n comunitaria del Derecho Internacional Privado en Europa\u201d (The Growing Community Dimension of Private International Law in Europe), International Congress on Cultures and Comparative Legal Systems, <strong>Universidad Nacional Aut\u00f3noma de M\u00e9xico<\/strong> (UNAM), Mexico City, Mexico, February 2004.<\/p>\n<\/div>\n\n\n\n<div class=\"gb-element-7e772092\">\n<div class=\"gb-element-681146a3\">\n<p class=\"gb-text gb-text-561739ac\">\u201cLa prevenci\u00f3n de cat\u00e1strofes, la Uni\u00f3n Europea y el Derecho Internacional Privado\u201d (Disaster Prevention, the European Union and Private International Law) Technical Workshop on the Legal, Economic and Social Aspects of Disasters. Organized by the <strong>Euromediterranean Forum of the National School of Civil Protection,<\/strong> Madrid, 6\u20138 October 2003.<\/p>\n<\/div>\n<\/div>\n\n\n\n<div class=\"gb-element-86a15f9c\">\n<p class=\"gb-text gb-text-bbcdc875\">\u201cRespuestas jur\u00eddicas a la contaminaci\u00f3n transfronteriza: Anteproyecto de propuesta de Reglamento del Consejo de la Uni\u00f3n Europea sobre ley aplicable a las obligaciones extracontractuales\u201d (Legal Responses to Transboundary Pollution: Draft Proposal for a Council of the European Union Regulation on the Law Applicable to Non-Contractual Obligations), 6th National Environmental Congress, <strong>CONAMA Foundation<\/strong>, Madrid, November 2002.<\/p>\n<\/div>\n\n\n\n<p><\/p>\n","protected":false},"excerpt":{"rendered":"<p>Academic Speeches (selection) \u201cAsunto C744\/22 STJUE 29.06.2024\u201d, Private International Law.&nbsp; X Encuentro anual sobre jurisprudencia europea (10th Annual Meeting on European Jurisprudence), European Law Institute, Spanish Hub. University of Zaragoza, hybrid, 12-13 June 2025. \u201cWhat skills do we need as dispute resolution actors in an increasingly digitalized world?\u201d European Law Institute, (ELI) Special Interest Group &#8230; <a title=\"Academic Speeches\" class=\"read-more\" href=\"https:\/\/katiafachgomez.com\/?page_id=3144\" aria-label=\"Read more about Academic Speeches\">Read more<\/a><\/p>\n","protected":false},"author":1,"featured_media":0,"parent":0,"menu_order":0,"comment_status":"closed","ping_status":"closed","template":"","meta":{"footnotes":""},"class_list":["post-3144","page","type-page","status-publish"],"_links":{"self":[{"href":"https:\/\/katiafachgomez.com\/index.php?rest_route=\/wp\/v2\/pages\/3144","targetHints":{"allow":["GET"]}}],"collection":[{"href":"https:\/\/katiafachgomez.com\/index.php?rest_route=\/wp\/v2\/pages"}],"about":[{"href":"https:\/\/katiafachgomez.com\/index.php?rest_route=\/wp\/v2\/types\/page"}],"author":[{"embeddable":true,"href":"https:\/\/katiafachgomez.com\/index.php?rest_route=\/wp\/v2\/users\/1"}],"replies":[{"embeddable":true,"href":"https:\/\/katiafachgomez.com\/index.php?rest_route=%2Fwp%2Fv2%2Fcomments&post=3144"}],"version-history":[{"count":18,"href":"https:\/\/katiafachgomez.com\/index.php?rest_route=\/wp\/v2\/pages\/3144\/revisions"}],"predecessor-version":[{"id":4106,"href":"https:\/\/katiafachgomez.com\/index.php?rest_route=\/wp\/v2\/pages\/3144\/revisions\/4106"}],"wp:attachment":[{"href":"https:\/\/katiafachgomez.com\/index.php?rest_route=%2Fwp%2Fv2%2Fmedia&parent=3144"}],"curies":[{"name":"wp","href":"https:\/\/api.w.org\/{rel}","templated":true}]}}