{"id":3313,"date":"2025-11-25T08:45:56","date_gmt":"2025-11-25T08:45:56","guid":{"rendered":"https:\/\/katiafachgomez.com\/?page_id=3313"},"modified":"2025-12-22T08:50:40","modified_gmt":"2025-12-22T08:50:40","slug":"academic-publications-libro-4","status":"publish","type":"page","link":"https:\/\/katiafachgomez.com\/?page_id=3313","title":{"rendered":"Academic Publications \/ libro 4"},"content":{"rendered":"\n<div class=\"gbp-section gb-element-1242c735\">\n<div class=\"gbp-section__inner gb-element-583877b8\">\n<div class=\"gb-element-8a2de15e\">\n<p><\/p>\n\n\n\n<h1 class=\"gb-text gbp-section__headline\">Academic Publications<\/h1>\n<\/div>\n<\/div>\n\n\n\n<h2 class=\"gb-text gb-text-b3cffa5c\">Books<\/h2>\n<\/div>\n\n\n\n<div>\n<div class=\"gb-text gb-text-f88b6d92\"><strong><strong><strong><strong>El derecho en espa\u00f1ol (Successful Lawyering in Spanish), Texas<\/strong><\/strong><\/strong><\/strong><\/div>\n\n\n\n<p class=\"has-text-align-center\">Texas University Press, 2013, 166 pages.<br>Foreword by Alejandro Garro (Columbia University)<\/p>\n\n\n<div class=\"wp-block-image\">\n<figure class=\"aligncenter size-full is-resized\"><img decoding=\"async\" width=\"298\" height=\"461\" data-src=\"https:\/\/katiafachgomez.com\/wp-content\/uploads\/2025\/11\/libro4.jpg\" alt=\"\" class=\"wp-image-3249 lazyload\" style=\"--smush-placeholder-width: 298px; --smush-placeholder-aspect-ratio: 298\/461;width:356px;height:auto\" data-srcset=\"https:\/\/katiafachgomez.com\/wp-content\/uploads\/2025\/11\/libro4.jpg 298w, https:\/\/katiafachgomez.com\/wp-content\/uploads\/2025\/11\/libro4-194x300.jpg 194w\" data-sizes=\"(max-width: 298px) 100vw, 298px\" src=\"data:image\/svg+xml;base64,PHN2ZyB3aWR0aD0iMSIgaGVpZ2h0PSIxIiB4bWxucz0iaHR0cDovL3d3dy53My5vcmcvMjAwMC9zdmciPjwvc3ZnPg==\" \/><\/figure>\n<\/div><\/div>\n\n\n\n<h2 class=\"gb-text\"><\/h2>\n\n\n\n<hr class=\"wp-block-separator has-alpha-channel-opacity is-style-dots\"\/>\n\n\n\n<p><\/p>\n\n\n\n<h2 class=\"gb-text gb-text-5a08a1b3\">About this book<\/h2>\n\n\n\n<div>\n<p class=\"gb-text gb-text-83fe8fe6\">Spanish is the second most widely spoken language in the world. A growing number of people in the United States and other countries are proficient in this language and also use it professionally in the legal field. Nevertheless, many of them would like to improve their linguistic and legal comprehension of it. At present, there are few instructional and professional resources available. <em>El derecho en espa\u00f1ol: Terminolog\u00eda y habilidades jur\u00eddicas para un ejercicio legal exitoso<\/em> is the only book currently on the market that simultaneously offers advanced instruction in legal Spanish and selected information on the contemporary legal frameworks in which this language is used.<br><br>This monolingual Spanish book can be used both in the classroom and as a self-study tool by university students and professionals with an intermediate level of Spanish. The book contains ten lessons, each dedicated to a key area of law: constitutional law, contracts, banking, criminal law, family law, immigration, human rights, international litigation, and arbitration. Each lesson presents carefully selected vocabulary related to the legal topic addressed, followed by a series of exercises based on real legal documents from various Spanish-speaking countries. The final chapter is a guide designed to facilitate the understanding of several films that raise interesting legal issues and can be used for contextual analysis of the themes covered in the preceding lessons.<br><br>Through these training materials, readers will learn to use legal Spanish vocabulary in its proper operational context and will be able to understand the linguistic and conceptual differences among the various countries of Latin America and Spain. At the same time, they will become familiar with the provisions and documents most commonly used in legal practice in Spanish. Finally, they will also be able to improve their listening and legal writing skills.<br><br><\/p>\n<\/div>\n\n\n\n<hr class=\"wp-block-separator has-alpha-channel-opacity is-style-dots\"\/>\n\n\n\n<div><\/div>\n\n\n\n<h2 class=\"gb-text gb-text-ad0de9e8\">Reviews<\/h2>\n\n\n\n<div>\n<div class=\"gb-element-6dbe6a45\">\n<p class=\"has-text-align-left texto-justificado has-base-2-background-color has-background\">&#8220;No tengo conocimiento de que se haya publicado ning\u00fan otro libro sobre la formaci\u00f3n b\u00e1sica del espa\u00f1ol jur\u00eddico. Este libro ser\u00e1 de gran utilidad para quien est\u00e9 interesado en aprender los fundamentos del espa\u00f1ol jur\u00eddico.&#8221; <strong>(Javier F. Becerra, Abogado y Profesor de Ingl\u00e9s Jur\u00eddico, Escuela Libre de Derecho, Mexico City, y autor del Diccionario de terminolog\u00eda jurid\u00edca mexicana (espa\u00f1ol-ingl\u00e9s) \/ Dictionary of Mexican Legal Terminology (Spanish-English) .<\/strong><\/p>\n\n\n\n<p class=\"has-text-align-left texto-justificado has-base-2-background-color has-background\"><strong>&#8220;<em>El derecho en espa\u00f1ol<\/em>, as a workbook<\/strong>, could serve as a good source of exercises geared toward bilingual attorneys and other professionals in need of a better grasp of the legal systems in place throughout Spanish-speaking jurisdictions.&#8221; <strong>(The Interpreter and Translator Trainer).<\/strong><br><\/p>\n<\/div>\n<\/div>\n\n\n\n<hr class=\"wp-block-separator has-alpha-channel-opacity is-style-dots\"\/>\n","protected":false},"excerpt":{"rendered":"<p>Academic Publications Books El derecho en espa\u00f1ol (Successful Lawyering in Spanish), Texas Texas University Press, 2013, 166 pages.Foreword by Alejandro Garro (Columbia University) About this book Spanish is the second most widely spoken language in the world. A growing number of people in the United States and other countries are proficient in this language and &#8230; <a title=\"Academic Publications \/ libro 4\" class=\"read-more\" href=\"https:\/\/katiafachgomez.com\/?page_id=3313\" aria-label=\"Read more about Academic Publications \/ libro 4\">Read more<\/a><\/p>\n","protected":false},"author":1,"featured_media":0,"parent":0,"menu_order":0,"comment_status":"closed","ping_status":"closed","template":"","meta":{"footnotes":""},"class_list":["post-3313","page","type-page","status-publish"],"_links":{"self":[{"href":"https:\/\/katiafachgomez.com\/index.php?rest_route=\/wp\/v2\/pages\/3313","targetHints":{"allow":["GET"]}}],"collection":[{"href":"https:\/\/katiafachgomez.com\/index.php?rest_route=\/wp\/v2\/pages"}],"about":[{"href":"https:\/\/katiafachgomez.com\/index.php?rest_route=\/wp\/v2\/types\/page"}],"author":[{"embeddable":true,"href":"https:\/\/katiafachgomez.com\/index.php?rest_route=\/wp\/v2\/users\/1"}],"replies":[{"embeddable":true,"href":"https:\/\/katiafachgomez.com\/index.php?rest_route=%2Fwp%2Fv2%2Fcomments&post=3313"}],"version-history":[{"count":4,"href":"https:\/\/katiafachgomez.com\/index.php?rest_route=\/wp\/v2\/pages\/3313\/revisions"}],"predecessor-version":[{"id":4502,"href":"https:\/\/katiafachgomez.com\/index.php?rest_route=\/wp\/v2\/pages\/3313\/revisions\/4502"}],"wp:attachment":[{"href":"https:\/\/katiafachgomez.com\/index.php?rest_route=%2Fwp%2Fv2%2Fmedia&parent=3313"}],"curies":[{"name":"wp","href":"https:\/\/api.w.org\/{rel}","templated":true}]}}